
True
Does 10 divide 2948223?
False
Is 587182 a multiple of 65?
False
Does 11 divide 4226299?
True
Does 10 divide 16067?
False
Does 29 divide 7484523?
True
Is 169 a factor of 1756755?
True
Does 17 divide 63829?
False
Is 771 a factor of 3501111?
True
Is 46 a factor of 3268340?
False
Does 248 divide 1854329?
False
Is 1046034 a multiple of 162?
True
Does 56 divide 7464968?
True
Does 83 divide 1878181?
False
Is 59332 a multiple of 326?
True
Does 19 divide 2202708?
True
Does 35 divide 1809350?
False
Is 2077996 a multiple of 12?
False
Is 21 a factor of 408807?
True
Is 130851 a multiple of 968?
False
Does 28 divide 185021?
False
Is 4214844 a multiple of 46?
False
Is 12 a factor of 112490?
False
Is 12 a factor of 8055216?
True
Does 911 divide 11978678?
False
Does 219 divide 3402712?
False
Is 55 a factor of 103840?
True
Does 1332 divide 6371104?
False
Is 2 a factor of 407691?
False
Is 45320 a multiple of 220?
True
Is 29 a factor of 77401?
True
Is 453534 a multiple of 281?
True
Does 181 divide 71495?
True
Is 41800 a multiple of 275?
True
Is 46119 a multiple of 34?
False
Does 8 divide 1470704?
True
Does 51 divide 114240?
True
Does 29 divide 477792?
False
Is 23 a factor of 66608?
True
Is 14 a factor of 11747?
False
Does 152 divide 116197?
False
Does 92 divide 38938?
False
Is 20 a factor of 275008?
False
Is 10 a factor of 6169447?
False
Does 58 divide 122581?
False
Is 29 a factor of 34626?
True
Is 4 a factor of 309148?
True
Is 49 a factor of 2451161?
False
Is 151 a factor of 560320?
False
Is 46 a factor of 18062636?
True
Is 874782 a multiple of 23?
True
Does 284 divide 418616?
True
Does 7 divide 242871?
False
Does 28 divide 137676?
True
Is 64830 a multiple of 228?
False
Is 9 a factor of 383984?
False
Is 133 a factor of 84843?
False
Is 12 a factor of 781095?
False
Is 681716 a multiple of 7?
True
Is 19 a factor of 133456?
True
Does 22 divide 36608?
True
Is 7964 a multiple of 28?
False
Is 268 a factor of 20904?
True
Is 554511 a multiple of 75?
False
Is 12 a factor of 39648?
True
Is 1363088 a multiple of 92?
False
Does 281 divide 33158?
True
Is 77493 a multiple of 267?
False
Does 354 divide 727096?
False
Is 56462 a multiple of 4?
False
Is 260 a factor of 959140?
True
Does 28 divide 1448816?
False
Is 140 a factor of 880506?
False
Is 77185 a multiple of 215?
True
Is 318416 a multiple of 14?
True
Does 47 divide 49397?
True
Does 8 divide 400360?
True
Is 112 a factor of 27664?
True
Is 30 a factor of 34818?
False
Is 1834502 a multiple of 109?
False
Is 7810790 a multiple of 26?
True
Does 16 divide 1165392?
True
Is 6 a factor of 148422?
True
Is 3737221 a multiple of 588?
False
Does 7 divide 269307?
False
Is 8072362 a multiple of 33?
False
Is 527 a factor of 17015249?
True
Is 201 a factor of 41424?
False
Does 400 divide 133600?
True
Is 14 a factor of 175625?
False
Does 1260 divide 1527595?
False
Does 135 divide 3944970?
True
Is 353860 a multiple of 13?
True
Is 47817 a multiple of 27?
True
Is 179358 a multiple of 156?
False
Is 179 a factor of 6808981?
True
Is 3366030 a multiple of 5?
True
Does 12 divide 3647628?
True
Does 22 divide 133760?
True
Does 113 divide 1431050?
False
Is 802 a factor of 3713607?
False
Is 546924 a multiple of 1532?
True
Is 171 a factor of 889153?
False
Is 64576 a multiple of 8?
True
Is 128466 a multiple of 183?
True
Does 12 divide 85372?
False
Is 124 a factor of 161324?
True
Is 7 a factor of 2011289?
True
Is 314678 a multiple of 182?
True
Is 164 a factor of 4990389?
False
Is 4812124 a multiple of 572?
False
Does 123 divide 561712?
False
Is 344430 a multiple of 518?
False
Is 42443 a multiple of 114?
False
Is 4902354 a multiple of 24?
False
Is 47505 a multiple of 126?
False
Is 548122 a multiple of 36?
False
Is 18789 a multiple of 37?
False
Is 934202 a multiple of 1202?
False
Is 221 a factor of 12827377?
False
Is 3321351 a multiple of 1899?
True
Does 4 divide 12124?
True
Is 22 a factor of 16591?
False
Is 92 a factor of 1463168?
True
Is 2059176 a multiple of 221?
False
Does 15 divide 1036418?
False
Is 197 a factor of 492923?
False
Does 54 divide 120217?
False
Does 200 divide 200400?
True
Is 11278418 a multiple of 1291?
False
Is 43145 a multiple of 23?
False
Is 1538974 a multiple of 675?
False
Is 32 a factor of 24680736?
True
Is 15 a factor of 57018?
False
Does 23 divide 49716?
False
Is 31 a factor of 64790?
True
Is 1024 a factor of 8984879?
False
Is 14 a factor of 1336384?
True
Is 639327 a multiple of 76?
False
Does 14 divide 373240?
True
Does 284 divide 662288?
True
Is 276019 a multiple of 334?
False
Does 363 divide 508186?
False
Does 81 divide 404433?
True
Does 17 divide 3026?
True
Does 365 divide 1945085?
True
Is 218875 a multiple of 85?
True
Is 99 a factor of 264348?
False
Is 2692538 a multiple of 37?
False
Does 123 divide 557190?
True
Is 3068431 a multiple of 356?
False
Is 131 a factor of 2785584?
True
Is 27 a factor of 482242?
False
Is 97 a factor of 22746653?
False
Is 149 a factor of 370977?
False
Does 50 divide 2624100?
True
Is 38626 a multiple of 62?
True
Is 909 a factor of 25817333?
False
Is 13 a factor of 10615968?
False
Is 166174 a multiple of 38?
True
Is 218256 a multiple of 36?
False
Does 32 divide 4097888?
True
Is 151 a factor of 930280?
False
Is 72 a factor of 16451208?
True
Is 734110 a multiple of 12?
False
Does 29 divide 830287?
False
Does 66 divide 58476?
True
Does 341 divide 511943?
False
Is 19619220 a multiple of 485?
True
Is 10379649 a multiple of 1033?
False
Is 7426081 a multiple of 104?
False
Is 5226796 a multiple of 105?
False
Does 263 divide 117035?
True
Is 36533 a multiple of 154?
False
Is 271 a factor of 1424647?
True
Is 5 a factor of 33498?
False
Is 38961 a multiple of 111?
True
Does 296 divide 2396706?
False
Is 835 a factor of 3192859?
False
Is 4550490 a multiple of 21?
True
Is 10752 a multiple of 16?
True
Is 2045618 a multiple of 15?
False
Is 101 a factor of 202505?
True
Does 6 divide 5852366?
False
Is 11 a factor of 111320?
True
Does 1551 divide 723411?
False
Is 3 a factor of 317?
False
Is 30145 a multiple of 5?
True
Is 1235880 a multiple of 12?
True
Is 1761858 a multiple of 378?
True
Is 32 a factor of 104384?
True
Is 664477 a multiple of 188?
False
Is 22704 a multiple of 2?
True
Is 418279 a multiple of 11?
False
Is 242 a factor of 401478?
True
Does 4 divide 129949?
False
Does 55 divide 1815715?
True
Is 29580 a multiple of 2?
True
Does 37 divide 1807154?
True
Does 15 divide 118226?
False
Is 665712 a multiple of 414?
True
Does 33 divide 3339255?
False
Does 30 divide 397326?
False
Does 12 divide 54348?
True
Is 1168368 a multiple of 303?
True
Is 37831 a multiple of 13?
False
Does 11 divide 2507230?
True
Is 14 a factor of 13686?
False
Is 85 a factor of 807054?
False
Is 28 a factor of 1122856?
True
Is 7523841 a multiple of 21?
False
Does 217 divide 10486959?
True
Is 238 a factor of 318097?
False
Is 133794 a multiple of 194?
False
Is 2560295 a multiple of 15?
False
Is 27352 a multiple of 52?
True
Does 46 divide 2804988?
True
Does 56 divide 61858?
False
Does 34 divide 2183520?
False
Is 536105 a multiple of 16?
False
Is 29524 a multiple of 122?
True
Is 293180 a multiple of 274?
True
Does 4 divide 616374?
False
Does 33 divide 65175?
True
Is 802620 a multiple of 18?
True
Does 711 divide 15168430?
False
Does 15 divide 1566210?
True
Does 19 divide 664937?
False
Does 366 divide 1413126?
True
Is 35 a factor of 5889171?
False
Does 10 divide 254180?
True
Is 2 a factor of 14949?
False
Is 7194329 a multiple of 949?
False
Is 277530 a multiple of 145?
True
Does 104 divide 290056?
True
Is 90 a factor of 84405?
False
Does 1101 divide 798225?
True
Is 11 a factor of 528?
True
Is 19016 a multiple of 4?
True
Is 287 a factor of 1537585?
False
Does 6 divide 70539?
False
Is 372 a factor of 3642709?
False
Is 338676 a multiple of 63?
False
Is 418778 a multiple of 226?
True
Is 163 a factor of 2470108?
False
Is 438773 a multiple of 412?
False
Is 984163 a multiple of 67?
True
Does 172 divide 553152?
True
Is 4588380 a multiple of 45?
True
Is 191 a factor of 91161?
False
Is 219 a factor of 40296?
True
Is 3199254 a multiple of 7?
False
Is 913583 a multiple of 31?
False
Does 99 divide 229835?
False
Is 107585 a multiple of 41?
False
Is 595386 a multiple of 97?
True
Is 212 a factor of 5134839?
False
Is 93 a factor of 1281261?
True
Is 20 a factor of 15452